 remainder when 63292 is divided by 31596.
100
Calculate the remainder when 510538 is divided by 210.
28
Calculate the remainder when 5613276 is divided by 155924.
12
What is the remainder when 4481308 is divided by 1516?
12
Calculate the remainder when 46949 is divided by 712.
669
Calculate the remainder when 1594249 is divided by 59.
10
What is the remainder when 2955199 is divided by 2955183?
16
What is the remainder when 4447369 is divided by 125?
119
What is the remainder when 493965 is divided by 247?
212
Calculate the remainder when 8287834 is divided by 5816.
34
Calculate the remainder when 2585181 is divided by 1586.
1
Calculate the remainder when 1526563 is divided by 809.
789
Calculate the remainder when 7045791 is divided by 112.
95
What is the remainder when 51906 is divided by 12976?
2
Calculate the remainder when 260026 is divided by 260.
26
Calculate the remainder when 21025857 is divided by 546.
489
What is the remainder when 2866604 is divided by 1717?
931
Calculate the remainder when 329388 is divided by 9981.
15
Calculate the remainder when 7279014 is divided by 1087.
462
Calculate the remainder when 5322559 is divided by 305.
4
Calculate the remainder when 13662079 is divided by 6267.
19
Calculate the remainder when 60132756 is divided by 61.
54
Calculate the remainder when 8306693 is divided by 357.
17
What is the remainder when 6751482 is divided by 1105?
1037
Calculate the remainder when 2121270 is divided by 139.
130
Calculate the remainder when 69652345 is divided by 643.
13
What is the remainder when 277143 is divided by 69238?
191
Calculate the remainder when 442193 is divided by 110533.
61
What is the remainder when 180587 is divided by 2176?
2155
What is the remainder when 655132 is divided by 559?
543
What is the remainder when 2325838 is divided by 78?
34
What is the remainder when 28692869 is divided by 1775?
1769
Calculate the remainder when 1840167 is divided by 1682.
59
Calculate the remainder when 1425579 is divided by 4848.
267
What is the remainder when 83298 is divided by 4082?
1658
Calculate the remainder when 15735774 is divided by 87.
84
Calculate the remainder when 2172960 is divided by 896.
160
Calculate the remainder when 851517 is divided by 851507.
10
What is the remainder when 15360155 is divided by 1141?
13
Calculate the remainder when 170541 is divided by 56736.
333
Calculate the remainder when 122729294 is divided by 65.
64
Calculate the remainder when 593830 is divided by 49009.
5722
Calculate the remainder when 82496 is divided by 81974.
522
Calculate the remainder when 17663 is divided by 4230.
743
Calculate the remainder when 129252578 is divided by 5385524.
2
Calculate the remainder when 49707 is divided by 2455.
607
Calculate the remainder when 12775905 is divided by 37.
27
What is the remainder when 219301 is divided by 9518?
387
Calculate the remainder when 34052 is divided by 193.
84
What is the remainder when 120654785 is divided by 3774?
5
Calculate the remainder when 7079027 is divided by 393276.
59
Calculate the remainder when 297692 is divided by 32.
28
What is the remainder when 9679936 is divided by 591?
538
Calculate the remainder when 40998383 is divided by 29.
10
Calculate the remainder when 199311 is divided by 285.
96
Calculate the remainder when 363169 is divided by 13968.
1
Calculate the remainder when 21579 is divided by 1340.
139
Calculate the remainder when 2997764 is divided by 6603.
2
What is the remainder when 2996121 is divided by 499332?
129
What is the remainder when 3631612 is divided by 259398?
40
What is the remainder when 700727 is divided by 167?
162
What is the remainder when 6701295 is divided by 13932?
3
What is the remainder when 3773518 is divided by 152?
118
Calculate the remainder when 15947897 is divided by 6.
5
What is the remainder when 108308 is divided by 5204?
4228
Calculate the remainder when 14940 is divided by 662.
376
What is the remainder when 4353368 is divided by 362780?
8
Calculate the remainder when 41905 is divided by 1988.
157
Calculate the remainder when 1059598 is divided by 331.
67
What is the remainder when 199072 is divided by 1037?
1005
What is the remainder when 25127247 is divided by 65?
2
Calculate the remainder when 797106 is divided by 12263.
11
What is the remainder when 1994147 is divided by 1994135?
12
Calculate the remainder when 244060 is divided by 599.
267
What is the remainder when 39083 is divided by 12671?
1070
What is the remainder when 175648 is divided by 56694?
5566
What is the remainder when 4515649 is divided by 11?
6
What is the remainder when 16539 is divided by 175?
89
What is the remainder when 254416 is divided by 254408?
8
Calculate the remainder when 1459996 is divided by 13272.
76
Calculate the remainder when 5969 is divided by 1514.
1427
Calculate the remainder when 5481578 is divided by 17346.
242
What is the remainder when 623505 is divided by 617?
335
Calculate the remainder when 21037948 is divided by 1222.
1218
What is the remainder when 4593494 is divided by 1148372?
6
Calculate the remainder when 171170029 is divided by 2576.
2557
Calculate the remainder when 692665150 is divided by 117.
112
What is the remainder when 328502368 is divided by 490?
488
Calculate the remainder when 137885 is divided by 19557.
986
Calculate the remainder when 2139533 is divided by 368.
349
What is the remainder when 39850846 is divided by 13?
9
Calculate the remainder when 3777298 is divided by 539609.
35
What is the remainder when 386927 is divided by 193451?
25
What is the remainder when 8280784 is divided by 276026?
4
What is the remainder when 476126 is divided by 13603?
21
What is the remainder when 42863 is divided by 10673?
171
Calculate the remainder when 440464 is divided by 20020.
24
What is the remainder when 5060203 is divided by 15060?
43
What is the remainder when 183934 is divided by 331?
229
Calculate the remainder when 249624928 is divided by 15.
13
Calculate the remainder when 60318155 is divided by 11015.
15
What is the remainder when 442646359 is divided by 20?
19
What is the remainder when 78616 is divided by 3014?
252
Calculate the remainder when 31193 is divided by 9975.
1268
Calculate the remainder when 17503281 is divided by 17503116.
165
What is the remainder when 5940 is divided by 3502?
2438
Calculate the remainder when 379258933 is divided by 165.
163
What is the remainder when 7553170 is divided by 303?
289
What is the remainder when 223166 is divided by 4949?
461
What is the remainder when 422413 is divided by 105594?
37
Calculate the remainder when 12181495 is divided by 2869.
2590
What is the remainder when 75898 is divided by 10?
8
What is the remainder when 4341709 is divided by 115?
114
Calculate the remainder when 248730 is divided by 1517.
1459
What is the remainder when 59538417 is divided by 9754?
1
What is the remainder when 595332 is divided by 22895?
62
What is the remainder when 1123571 is divided by 1123570?
1
Calculate the remainder when 7323007 is divided by 2440978.
73
What is the remainder when 685688 is divided by 5005?
3
What is the remainder when 27791942 is divided by 4446?
4442
What is the remainder when 396090 is divided by 159?
21
What is the remainder when 22424439 is divided by 7474807?
18
Calculate the remainder when 1574111 is divided by 1574017.
94
Calculate the remainder when 6395757 is divided by 126.
123
Calculate the remainder when 24559920 is divided by 845.
840
What is the remainder when 185542 is divided by 7932?
3106
Calculate the remainder when 34238615 is divided by 76.
7
Calculate the remainder when 706553 is divided by 4975.
103
What is the remainder when 111046922 is divided by 1045?
1042
What is the remainder when 190903450 is divided by 992?
986
What is the remainder when 131730299 is divided by 50?
49
What is the remainder when 5687426 is divided by 19?
4
Calculate the remainder when 821752 is divided by 2221.
2203
What is the remainder when 41570 is divided by 41562?
8
Calculate the remainder when 59860083 is divided by 2055.
2043
Calculate the remainder when 164221 is divided by 343.
267
What is the remainder when 87320740 is divided by 4718?
4714
What is the remainder when 1174088 is divided by 22?
14
What is the remainder when